-9).
2
Suppose -320 + 17736 = 28*c. List the prime factors of c.
2, 311
Let i be -2 + (-2*33)/3. Let b be 8/4*14 + -2. Let j = b - i. List the prime factors of j.
2, 5
Let a(m) = m**3 + 5*m**2 - 3*m - 1. Let l be a(-5). What are the prime factors of (l - 16)*(-1)/1?
2
Let y(o) = 14*o**2 - 4*o - 67. List the prime factors of y(-8).
3, 7, 41
Suppose 14 = q - 5*f, -5*q + 25 = f + 59. Let n be (-68)/q + 2/(-6). What are the prime factors of (1 - 0)*(3 + n)?
2, 7
Let w(i) = -i**2 - 21*i - 4. Let g be w(-20). Suppose 32 = -g*r + 18*r. What are the prime factors of r?
2
Suppose 7*c = 4*c + 36. What are the prime factors of -9*(-2)/(-4)*c/(-2)?
3
Let o = -28 - -20. Let j = 13 + o. Suppose 2*c = -0*c + j*i + 73, 0 = 4*c + i - 91. What are the prime factors of c?
2, 3
Suppose -14 + 8 = -3*w. Suppose 4*f - w*n = n + 334, -431 = -5*f - 3*n. List the prime factors of f.
5, 17
List the prime factors of (-13)/((-1183)/(-39)) + (-6044)/(-7).
863
What are the prime factors of 38902/18 - (1920/(-108) + 18)?
2161
List the prime factors of 7794/(-21)*(-7)/2.
3, 433
Let j be (-179)/(-6) - ((-4)/24)/1. Let u(p) = -p**3 - 6*p**2 - 2*p - 6. Let m be u(-5). Let i = m + j. List the prime factors of i.
3
Let d = -147 - -487. What are the prime factors of d?
2, 5, 17
Let y(b) = 2*b**2 + 6*b + 3. Let d be y(-8). Let r(p) = 56*p. Let u be r(-1). Let k = u + d. List the prime factors of k.
3
Let u = 4656 + -215. What are the prime factors of u?
4441
Let t(o) = 33*o**2 + 50*o - 325. List the prime factors of t(6).
1163
Suppose 0 = j - 165 + 74. List the prime factors of j.
7, 13
Let y = -12 - -17. Let k = y - 1. List the prime factors of k*((-12)/(-8) - -2).
2, 7
Let j(n) = -4*n**2. Let z be j(1). Let m(v) = -v**3 - 6*v**2 - 7*v - 6. Let o be m(z). List the prime factors of 3 + (-2)/2*o.
13
Let l(n) = -9*n - 9*n**2 + 4 - 4034*n**3 + 14 + 4033*n**3. What are the prime factors of l(-10)?
2, 13
Let j = -34 - -39. Suppose 0 = 2*i + 10, 2*i + 239 = 5*k - 61. Suppose 0 = -2*x + j*t + k, -t = -x - 0*t + 23. List the prime factors of x.
19
Suppose -5*l + 4*t - 21 = 106, 0 = 3*l - t + 79. Let w = 33 + l. List the prime factors of w.
2, 3
Let k be 2 + (67 - 2/2). Let t(i) = -21*i**2 - 3*i + 2. Let w be t(1). Let y = k + w. List the prime factors of y.
2, 23
Suppose 15*k + 22*k = 26381. List the prime factors of k.
23, 31
Let t(f) = 55*f + 9. List the prime factors of t(9).
2, 3, 7
Suppose -a - 3*o - 2 = 0, 2*a - a + 5*o = -6. List the prime factors of a/16 - (-211)/4.
53
Let q be (1060/7)/(-5) + (-6)/(-21). Let k = 143 + q. What are the prime factors of k?
113
Suppose -5*b + 15 + 30 = 0. Let i(u) = -u**3 - 3*u**2 + u - 4. Let k be i(-4). Let a = k + b. List the prime factors of a.
17
Let o = -12 + 15. List the prime factors of (8 + (-6)/(-3))/(o/12).
2, 5
Let a = 3972 - 2244. What are the prime factors of a?
2, 3
Let f = -107 + 105. What are the prime factors of -4 + (-3 - f) - -71?
2, 3, 11
What are the prime factors of ((-1713)/(-5))/((-15)/(-25))?
571
Suppose -u = -5*p, u - 3*u + 5*p = 0. Suppose 3*w = 2*w + g + 8, w + g = u. Suppose 0 = w*n + 2*a - 152, -3*a + 4*a - 114 = -3*n. List the prime factors of n.
2, 19
Suppose 2*l = -2*l - 8, 0 = -3*t + 4*l + 8. What are the prime factors of (-4)/((-12)/141) + t?
47
Let y(k) = 3*k - 12. Let r be y(5). Suppose 29 = r*u - 49. What are the prime factors of ((-58)/4)/((-13)/u)?
29
Let t(s) = s + 15. Suppose 5 = 4*x - 47. Suppose -v - 5*q + x = 0, 0 = 5*v - 2*q - 0*q + 43. What are the prime factors of t(v)?
2
Suppose -6*k + 4*s = -5*k - 2258, 5*k - s - 11347 = 0. List the prime factors of k.
2, 5, 227
Suppose -30*t - 13216 = -46*t. What are the prime factors of t?
2, 7, 59
Let f be (-13692)/98 - 4/14. Let a = 20 - f. What are the prime factors of a?
2, 5
Let j(m) = -11*m + 322. List the prime factors of j(18).
2, 31
Suppose -3*g + 2135 = 734. What are the prime factors of g?
467
Let r(n) be the third derivative of n**6/20 - n**5/30 + n**4/4 - n**2. What are the prime factors of r(3)?
2, 3
Let q(k) = -300*k. Let x be q(-4). Suppose 6*c = 12*c - x. List the prime factors of c.
2, 5
Let l(o) = 46*o - 39. Let w = 26 + -22. List the prime factors of l(w).
5, 29
Let a(v) = v**2 + 35*v + 23. What are the prime factors of a(37)?
2687
Let l = 145 + 420. List the prime factors of l.
5, 113
Suppose 0*k + 256 = -4*k. Let f = k - -89. List the prime factors of f.
5
Let u = 83 - 83. Suppose u = 2*f - 40 - 110. List the prime factors of f.
3, 5
Let p = 11812 + -6250. What are the prime factors of p?
2, 3, 103
Suppose 6*f - 115 - 95 = 0. Let g be ((-90)/f)/(1/(-7)). Suppose 5*k = 4*k + x + 22, -2*x = -k + g. What are the prime factors of k?
2, 13
Let w = -34 + 8. Let t be w/10 - 8/20. Let c(x) = x**2 + 2*x + 3. List the prime factors of c(t).
2, 3
Let x(t) = 26*t - 9. Let m be x(4). Let h = m - 37. List the prime factors of h.
2, 29
Let y = -149 + 157. List the prime factors of y.
2
Let u = 29 + -18. Suppose 3*y = j + u, y - 2*y - 7 = 5*j. Suppose -105 = -y*h - 4*m, -5*m - 6 = -h + 10. What are the prime factors of h?
31
Let n = 16 + -8. Let c(k) = k**2 - 7*k - 6. Let x be c(n). What are the prime factors of x*7/(-4)*-2?
7
Let u(b) = -15*b**2 - 6*b - 3. Let q be u(-4). Let v = 323 + q. What are the prime factors of v?
2, 13
Let z be (-4 - -8) + 0 + 0. Suppose 0 = -4*f + 5*k + 77, -4*k + 101 = z*f - k. Let i = f + 23. List the prime factors of i.
2, 23
Suppose -2*f - 14 = -5*n, 2*n - 4*f = 7*n - 2. Suppose -3*a = 2*o - 0*o - 53, 0 = 5*o + n*a - 149. What are the prime factors of o?
31
Let g be (-12066)/(-66) + (-2)/(-11). Suppose -11*m + 14*m = g. What are the prime factors of m?
61
Let h(l) = 64*l**2 - l. Suppose -15*i = -13*i - 8. Suppose -i*g + 5 = -9*g. List the prime factors of h(g).
5, 13
Suppose -114 = -9*u - 6. Suppose -700 = 5*p - u*p. What are the prime factors of p?
2, 5
Suppose 2*d = 6*d - 2*a - 1794, -a + 444 = d. List the prime factors of d.
3, 149
Let z = -7 + 9. Suppose 0 = 2*v, -z*m - 3*m + 3*v + 40 = 0. List the prime factors of ((-20)/m)/(4/(-8)).
5
Suppose 5*d + 800 + 875 = 5*a, -5*d + 1045 = 3*a. List the prime factors of a.
2, 5, 17
Suppose 4*r = -z + 1505, 0 = -2*r - 0*z - 2*z + 754. List the prime factors of r.
2, 47
Let y = -725 - -1399. List the prime factors of y.
2, 337
Let n = 778 - 696. What are the prime factors of n?
2, 41
Suppose 4*j - 2*p - 8 = 0, -2*j - 2*p + 4 = p. Suppose m + 3*m = 0. Suppose m = -5*w + 3*o + o + 14, -o - 5 = -j*w. List the prime factors of w.
2
Suppose -v - 3*s = -332, s - 787 + 108 = -2*v. What are the prime factors of v?
11, 31
Suppose 0 = j + 2 - 4. Suppose -j*a - a + 9 = 0. Let d = a - -12. What are the prime factors of d?
3, 5
List the prime factors of -8 - -5 - (12/(-4) - 11).
11
Let v = 229 - -62. Let n = v - 102. What are the prime factors of n?
3, 7
Let z(l) = -l**3 + 4*l**2 + 6*l. Let t be z(5). Suppose -9 = -t*x + 26. Suppose j = -x + 20. List the prime factors of j.
13
What are the prime factors of 0 - (-3)/(-7) - 9754/(-7)?
7, 199
Let k(r) = -r**3 + r + 12. Let a be k(-6). Let u = -90 + a. List the prime factors of u.
2, 3, 11
What are the prime factors of (15/5 - -3) + 433?
439
Let q(d) = 11*d**2 + 44*d - 116. List the prime factors of q(-20).
2, 23, 37
Suppose -22*h = -2*h - 3560. List the prime factors of h.
2, 89
Suppose 23*b - 1232 = 19*b. List the prime factors of b.
2, 7, 11
Let k = 11 + -8. Let i(z) = 2*z**3 - 4*z**2 - 3. Let c be i(k). List the prime factors of ((-3)/2)/(c/(-40)).
2
Let r = -5 - 25. Let v = 17 + r. What are the prime factors of 2/6*(v - -115)?
2, 17
Let m(c) = -4*c + 12. Let i be m(21). Let n = i - -194. What are the prime factors of n?
2, 61
List the prime factors of (-3340)/(-14) - (-124)/(-217).
2, 7, 17
What are the prime factors of 1*3/(-8) + (-100485)/(-56)?
2, 3, 13, 23
Let w = -11 - -13. List the prime factors of (-2)/((-12)/369)*w.
3, 41
Let u = 1153 - 943. List the prime factors of u.
2, 3, 5, 7
Suppose -2*k + 8 = 0, 5*g - 3*k = -0 - 67. Let t(v) = -v - 7. Let y be t(g). Let q = 27 - y. List the prime factors of q.
23
Let w(h) = -h**3 - 12*h**2 - 11*h + 8. Let q be w(-11). Suppose -5*s - q = 3*c - 262, 0 = 4*s - 5*c - 218. List the prime factors of s.
2, 13
Suppose -h = 3*q - 329, -3*q + 6*q - 5*h = 353. What are the prime factors of q?
3, 37
Suppose 